-3*h = 5*j + 87, j + j + 46 = -4*h. Let i be (18/j)/((-4)/(-10)). Calculate the remainder when 11 is divided by 8 + i + (-2)/1.
2
Suppose 0 = -6*u + 5*u + y + 62, 0 = 2*u + 3*y - 129. Calculate the remainder when u is divided by 13.
11
Suppose -u - 3*m = 3*u - 74, 5*u - 87 = -m. Calculate the remainder when u is divided by 7.
3
Suppose 99 + 39 = 3*y. Calculate the remainder when y is divided by 12.
10
Let l(x) = 22*x + 1. Let i be l(1). Let v(d) = 3*d. Let z be v(-3). Let t = z + i. What is the remainder when 41 is divided by t?
13
Let s(g) = -g**3 + 5*g**2 + g - 5. Suppose -3*m + 4 = -8. Calculate the remainder when 42 is divided by s(m).
12
Let c(b) = -b**3 + 7*b**2 + b - 4. Let t be c(7). Calculate the remainder when 12 is divided by (20/(-6))/((-2)/t).
2
Let h = 7 + -7. What is the remainder when 58 is divided by 20 + -2 - (-2 - h)?
18
Let b(g) = -g**2 - 13*g + 6. What is the remainder when b(-12) is divided by 11?
7
Let m(w) = -46*w + 2. Let c(s) = -92*s + 5. Let v(a) = -3*c(a) + 7*m(a). What is the remainder when v(-1) is divided by 12?
9
Suppose 0 = -4*l - 3*g + 21, 0 = 3*l + 2*g - 5*g. Suppose 9 = -r - 3*k, -r - k = -l*k - 11. What is the remainder when 8 is divided by r?
2
Suppose 0*o = 3*o - 108. Calculate the remainder when o is divided by 21.
15
Let v(b) = 6*b - 23. Calculate the remainder when 93 is divided by v(7).
17
Let r be (-13)/(-3) - 9/27. Suppose -3*j + 1 = 4*t - 0, -2*t - r = 0. What is the remainder when 9 is divided by j?
0
Suppose -5 = -s + 3. Let m(a) = a + 23. Calculate the remainder when m(0) is divided by s.
7
What is the remainder when 41 is divided by (-400)/(-35) - 6/14?
8
Let m be (-4)/6 - 203/(-21). Let p(v) = 2*v**2 - 8*v + 6. Let a be p(5). Let g = a - m. Calculate the remainder when 27 is divided by g.
6
Let s(k) = k**3 + k**2. Let g(m) = -4*m**3 + m**2 - 3*m - 1. Let q(r) = -g(r) - 3*s(r). Calculate the remainder when q(5) is divided by 14.
13
Suppose -14*j - 11 = -207. Calculate the remainder when 24 is divided by j.
10
Calculate the remainder when (-12)/30 + (-861)/(-15) is divided by 30.
27
Suppose 2*n + p - 200 = 0, 0*n - 3*p = -3*n + 291. What is the remainder when n is divided by 20?
19
Suppose 0*x - 59 = -x. Suppose 35*q - 72 = 29*q. Calculate the remainder when x is divided by q.
11
What is the remainder when 183 is divided by (30 - -1) + 0/11?
28
Let c(x) = -x**2 - 5*x - 4. Let v be c(-4). Suppose -f - f + 58 = v. What is the remainder when 114 is divided by f?
27
Let k be 6/33 + (-1604)/(-11). Let u = k - 100. Calculate the remainder when u is divided by 16.
14
Let h(i) = 18*i + 1. What is the remainder when h(2) is divided by (-8)/(-16) - (-50)/4?
11
Let t(w) = w**3 - 6*w**2 - 5*w + 2. What is the remainder when 45 is divided by t(7)?
13
Let v(q) = -q**2 - 14*q + 8. What is the remainder when v(-11) is divided by 14?
13
Suppose 5*t - 11 + 6 = 0. What is the remainder when 138 - 4 - (-1 + t) is divided by 34?
32
Suppose 2*u = 7*u - 4*y - 59, -2*u = -2*y - 22. Suppose 0*z + 43 = z. What is the remainder when z is divided by u?
13
Suppose 5*l - 35 = -0*l. Calculate the remainder when l is divided by (-1)/(-7) - (-238)/49.
2
Suppose 122 = 5*r - 3*a, -76 = -4*r - 4*a + a. Let x = r - 1. Suppose x = -u + 77. Calculate the remainder when u is divided by 19.
18
Let s(f) = f**2 - 8*f - 8. Let t be s(9). Let g be (-1 - t)*(3 - 5). Let j = 7 - g. What is the remainder when j is divided by 2?
1
Suppose 0 = 2*q - 5*n - 84, 2*q + 4*n - 126 = -q. What is the remainder when q is divided by 11?
9
Let n be 3/9*0 + 2. Suppose -6 = -a + n. What is the remainder when 548/16 - 2/a is divided by 12?
10
Suppose 15 = w + 2. Calculate the remainder when 50 is divided by w.
11
Suppose 2*k = 0, 2*p + k + 6 = -6. Let x be (-52)/(-12) - (-2)/p. Suppose x*b + 30 = 74. What is the remainder when b is divided by 6?
5
Suppose 0 = a - 17 + 4. What is the remainder when 38 is divided by a?
12
Let q = 9 - -8. Suppose -2*i = 2*b - 132, 5*i + 309 - 111 = 3*b. What is the remainder when b is divided by q?
15
Let g(y) = -1 - 7*y**2 - 3*y + y + 20*y**2 + 16*y**2. Let f = 1 - 2. What is the remainder when g(f) is divided by 16?
14
Let o be -32*(1 - (-10)/(-4)). Let f = -22 + o. What is the remainder when f is divided by 14?
12
Let o = 27 - 4. Calculate the remainder when o is divided by 6.
5
Let g be 10/6 - 16/(-12). Suppose -60 = -g*f - 12. Let t(v) = 6*v**3 - 2*v**2 + 4*v - 2. What is the remainder when t(2) is divided by f?
14
What is the remainder when 51/7 - 4/14 is divided by 2?
1
Let x = 40 + -20. What is the remainder when 39 is divided by x?
19
Let s = -164 + 180. Calculate the remainder when 29 is divided by s.
13
Suppose -11 - 1 = -3*b. What is the remainder when 5 is divided by b?
1
Let w = 133 - 64. Calculate the remainder when w is divided by 24.
21
Let h(v) = 7*v - 1. Let m be h(4). Let n = 42 - m. What is the remainder when n is divided by 8?
7
Let t = 58 - 49. What is the remainder when t is divided by 5?
4
Suppose 3*k + 21 = n - 36, 0 = -2*k - 10. Calculate the remainder when n is divided by 11.
9
Let p = 57 + -33. What is the remainder when p is divided by 9?
6
Suppose 0 = -j - 0 - 1. Suppose 5*c + 0*c = -100. Let b = j - c. Calculate the remainder when 37 is divided by b.
18
Suppose -5*y = 5 - 0. Let q = 17 - y. Suppose -j = -2*j + 52. Calculate the remainder when j is divided by q.
16
Let y(w) = 21*w**3 + 2*w**2 - 1. Let b(m) = -m**3 + 6*m**2 + 4. Let a be b(6). Suppose -19 - 241 = -a*n. Calculate the remainder when n is divided by y(1).
21
Suppose -i - 19 = -2*i. Calculate the remainder when 36 is divided by i.
17
Let p = -95 - -147. Let o = 9 - 4. Suppose -2*k + 32 = -4*l - 20, 5*k + o*l - 70 = 0. What is the remainder when p is divided by k?
16
Suppose 6*u - 28 - 50 = 0. What is the remainder when 36 is divided by u?
10
Suppose 3*h + 48 = o, h - 19 - 125 = -3*o. What is the remainder when o is divided by 17?
14
Let b = 159 + -107. What is the remainder when b is divided by 14?
10
Let a = 77 + -73. Calculate the remainder when 34 is divided by a.
2
Let b(t) = t + 36. Let y = 8 - 9. What is the remainder when b(0) is divided by ((-2)/4)/(y/38)?
17
Let a(g) = -g**2 - 7*g - 7. Suppose 10 + 12 = -4*d - 2*t, 4*d + 4*t + 24 = 0. Let h(l) = l - 3. Calculate the remainder when h(10) is divided by a(d).
1
Suppose -h = -4*q - 0*h + 88, 5*h = 4*q - 88. Let a(c) = c**3 - 4*c**2 - 2*c - 7. What is the remainder when q is divided by a(5)?
6
Suppose -3*p - 31 + 262 = 0. Suppose 2*w + 3*n = 22 + 30, 4*w = -n + 104. Calculate the remainder when p is divided by w.
25
Let k(o) = -o**3 - 5*o**2 + 5*o - 2. Let m = -41 + 21. Calculate the remainder when ((-30)/(-4))/((-15)/m) is divided by k(-6).
2
Calculate the remainder when 285/7 + 4 + (-52)/14 is divided by 22.
19
Suppose -100 - 35 = -5*f. Calculate the remainder when 59 is divided by 333/f - (-1)/(-3).
11
Suppose 7*o - 2*o = 75. Suppose o = 5*x - 50. Let t = 31 - x. Calculate the remainder when t is divided by 10.
8
Suppose 7*o - 2*o = 185. Let g be 4/(4/(2 + 0)). Suppose -f + 3*m = g, -4*f + 7*f - 34 = m. Calculate the remainder when o is divided by f.
11
Suppose -3*t + l = -73 + 17, t = -4*l - 3. What is the remainder when t is divided by 7?
3
Suppose 0 = 3*l - 87 + 9. Let k = -15 + l. Suppose -k = -0*u - u. Calculate the remainder when 32 is divided by u.
10
Calculate the remainder when 47 is divided by (1/(1/(-2)))/(30/(-135)).
2
Let s(x) = x**2 + 10*x - 22. Calculate the remainder when s(-15) is divided by 18.
17
Let i be 2/4 + 7/(-2). Suppose -2*u + 1 = -67. What is the remainder when u is divided by (-12)/(i - -1 - -1)?
10
Suppose -5*c - c + 24 = 0. Calculate the remainder when 7 is divided by c.
3
Let i(t) = 7*t**2 + 3*t - 8. Let g(n) = 6*n**2 + 2*n - 7. Let l(j) = 4*g(j) - 3*i(j). Calculate the remainder when l(3) is divided by 7.
6
Suppose -1 - 11 = -3*n. Suppose -5*j = 4*v - n - 246, -3*v - 4*j = -188. Calculate the remainder when v is divided by 9.
6
Let k = 71 + 84. Suppose 0 = -3*s - 4*o - 7 + 123, 0 = -5*s + o + k. What is the remainder when s is divided by 17?
15
Let c = -5 - -8. Let n = 0 - c. Calculate the remainder when -28*(n/(-2) - 2) is divided by 8.
6
Let i(d) = -14*d + 1. Let a(f) = -f**2 - 11*f - 14. Let r be a(-10). Calculate the remainder when i(r) i